{"id":274,"date":"2017-11-27T08:30:19","date_gmt":"2017-11-27T08:30:19","guid":{"rendered":"http:\/\/www.juergrufer.ch\/jr\/?post_type=jetpack-portfolio&#038;p=274"},"modified":"2017-11-28T08:39:34","modified_gmt":"2017-11-28T08:39:34","slug":"weitere-videoprojekte","status":"publish","type":"jetpack-portfolio","link":"https:\/\/www.juergrufer.ch\/jr\/portfolio\/weitere-videoprojekte\/","title":{"rendered":"Weitere Videoprojekte"},"content":{"rendered":"<h2>Hofkirche Luzern (St. Leodegar im Hof)<\/h2>\n<p>Die Hofkirche St. Leodegar ist eines der Wahrzeichen der Stadt Luzern in der Schweiz. Die Hofkirche ist die Hauptkirche der r\u00f6misch-katholischen Pfarrei St. Leodegar im Hof, einer der acht katholischen Stadtpfarreien Luzerns und sie ist zugleich die Stiftskirche des Kollegiat-Stifts St. Leodegar. Die Hofkirche wurde von 1633 bis 1639 teilweise auf den Fundamenten der 1633 abgebrannten romanischen Basilika gebaut und ist eine der wenigen Kirchen, die w\u00e4hrend des Dreissigj\u00e4hrigen Kriegs n\u00f6rdlich der Alpen gebaut wurden und eine der gr\u00f6ssten und kunsthistorisch wertvollsten Kirchen der deutschen Sp\u00e4trenaissance.<\/p>\n<p>Die Aufnahmen habe ich f\u00fcr ein Konzertvideo aus der Hofkirche gemacht. Die holl\u00e4ndischen Auftraggeber w\u00fcnschten, dass man die Hofkirche von aussen sieht. Drohnenflug und Schnitt: J\u00fcrg Rufer. Musik aus dem Konzertvideo: Willem Mengelberg \u2013 Feierliche Messe, Kyrie. 2017.<\/p>\n<div class=\"jetpack-video-wrapper\"><iframe loading=\"lazy\" title=\"Hofkirche Luzern\" width=\"1140\" height=\"641\" src=\"https:\/\/www.youtube.com\/embed\/ldzdbY_c41I?feature=oembed\" frameborder=\"0\" allow=\"accelerometer; autoplay; clipboard-write; encrypted-media; gyroscope; picture-in-picture; web-share\" referrerpolicy=\"strict-origin-when-cross-origin\" allowfullscreen><\/iframe><\/div>\n","protected":false},"excerpt":{"rendered":"<p>Hofkirche Luzern (St. Leodegar im Hof) Die Hofkirche St. Leodegar ist eines der Wahrzeichen der Stadt Luzern in der Schweiz. Die Hofkirche ist die Hauptkirche der r\u00f6misch-katholischen Pfarrei St. Leodegar im Hof, einer der acht katholischen Stadtpfarreien Luzerns und sie ist zugleich die Stiftskirche des Kollegiat-Stifts St. Leodegar. Die Hofkirche wurde von 1633 bis 1639 [&hellip;]<\/p>\n","protected":false},"author":1,"featured_media":275,"comment_status":"closed","ping_status":"closed","template":"","format":"standard","meta":{"jetpack_post_was_ever_published":false,"footnotes":"","jetpack_publicize_message":"","jetpack_publicize_feature_enabled":true,"jetpack_social_post_already_shared":true,"jetpack_social_options":{"image_generator_settings":{"template":"highway","enabled":false},"version":2}},"jetpack-portfolio-type":[30],"jetpack-portfolio-tag":[],"class_list":["post-274","jetpack-portfolio","type-jetpack-portfolio","status-publish","format-standard","has-post-thumbnail","hentry","jetpack-portfolio-type-weitere-videoprojekte"],"jetpack_publicize_connections":[],"jetpack_sharing_enabled":true,"_links":{"self":[{"href":"https:\/\/www.juergrufer.ch\/jr\/wp-json\/wp\/v2\/jetpack-portfolio\/274","targetHints":{"allow":["GET"]}}],"collection":[{"href":"https:\/\/www.juergrufer.ch\/jr\/wp-json\/wp\/v2\/jetpack-portfolio"}],"about":[{"href":"https:\/\/www.juergrufer.ch\/jr\/wp-json\/wp\/v2\/types\/jetpack-portfolio"}],"author":[{"embeddable":true,"href":"https:\/\/www.juergrufer.ch\/jr\/wp-json\/wp\/v2\/users\/1"}],"replies":[{"embeddable":true,"href":"https:\/\/www.juergrufer.ch\/jr\/wp-json\/wp\/v2\/comments?post=274"}],"version-history":[{"count":0,"href":"https:\/\/www.juergrufer.ch\/jr\/wp-json\/wp\/v2\/jetpack-portfolio\/274\/revisions"}],"wp:featuredmedia":[{"embeddable":true,"href":"https:\/\/www.juergrufer.ch\/jr\/wp-json\/wp\/v2\/media\/275"}],"wp:attachment":[{"href":"https:\/\/www.juergrufer.ch\/jr\/wp-json\/wp\/v2\/media?parent=274"}],"wp:term":[{"taxonomy":"jetpack-portfolio-type","embeddable":true,"href":"https:\/\/www.juergrufer.ch\/jr\/wp-json\/wp\/v2\/jetpack-portfolio-type?post=274"},{"taxonomy":"jetpack-portfolio-tag","embeddable":true,"href":"https:\/\/www.juergrufer.ch\/jr\/wp-json\/wp\/v2\/jetpack-portfolio-tag?post=274"}],"curies":[{"name":"wp","href":"https:\/\/api.w.org\/{rel}","templated":true}]}}

<h2>Hofkirche Luzern (St. Leodegar im Hof)</h2>
<p>Die Hofkirche St. Leodegar ist eines der Wahrzeichen der Stadt Luzern in der Schweiz. Die Hofkirche ist die Hauptkirche der römisch-katholischen Pfarrei St. Leodegar im Hof, einer der acht katholischen Stadtpfarreien Luzerns und sie ist zugleich die Stiftskirche des Kollegiat-Stifts St. Leodegar. Die Hofkirche wurde von 1633 bis 1639 teilweise auf den Fundamenten der 1633 abgebrannten romanischen Basilika gebaut und ist eine der wenigen Kirchen, die während des Dreissigjährigen Kriegs nördlich der Alpen gebaut wurden und eine der grössten und kunsthistorisch wertvollsten Kirchen der deutschen Spätrenaissance.</p>
<p>Die Aufnahmen habe ich für ein Konzertvideo aus der Hofkirche gemacht. Die holländischen Auftraggeber wünschten, dass man die Hofkirche von aussen sieht. Drohnenflug und Schnitt: Jürg Rufer. Musik aus dem Konzertvideo: Willem Mengelberg – Feierliche Messe, Kyrie. 2017.</p>
<div class="jetpack-video-wrapper"><iframe loading="lazy" title="Hofkirche Luzern" width="1140" height="641" src="https://www.youtube.com/embed/ldzdbY_c41I?feature=oembed" frameborder="0" allow="accelerometer; autoplay; clipboard-write; encrypted-media; gyroscope; picture-in-picture; web-share" referrerpolicy="strict-origin-when-cross-origin" allowfullscreen></iframe></div>

<p>Hofkirche Luzern (St. Leodegar im Hof) Die Hofkirche St. Leodegar ist eines der Wahrzeichen der Stadt Luzern in der Schweiz. Die Hofkirche ist die Hauptkirche der römisch-katholischen Pfarrei St. Leodegar im Hof, einer der acht katholischen Stadtpfarreien Luzerns und sie ist zugleich die Stiftskirche des Kollegiat-Stifts St. Leodegar. Die Hofkirche wurde von 1633 bis 1639 [&hellip;]</p>
