{"id":186,"date":"2017-10-11T09:49:10","date_gmt":"2017-10-11T09:49:10","guid":{"rendered":"http:\/\/www.juergrufer.ch\/jr\/?page_id=186"},"modified":"2017-11-06T10:21:37","modified_gmt":"2017-11-06T10:21:37","slug":"ueber-mich","status":"publish","type":"page","link":"https:\/\/www.juergrufer.ch\/jr\/ueber-mich\/","title":{"rendered":"\u00dcber mich"},"content":{"rendered":"<div class=\"page\" title=\"Page 1\">\n<div class=\"layoutArea\">\n<div class=\"column\">\n<h2>J\u00fcrg Rufer<\/h2>\n<p><img data-recalc-dims=\"1\" loading=\"lazy\" decoding=\"async\" data-attachment-id=\"250\" data-permalink=\"https:\/\/www.juergrufer.ch\/jr\/ueber-mich\/juerg-web-sw\/\" data-orig-file=\"https:\/\/i0.wp.com\/www.juergrufer.ch\/jr\/wp-content\/uploads\/2017\/11\/juerg-web-sw.png?fit=1181%2C1181&amp;ssl=1\" data-orig-size=\"1181,1181\" data-comments-opened=\"0\" data-image-meta=\"{&quot;aperture&quot;:&quot;0&quot;,&quot;credit&quot;:&quot;&quot;,&quot;camera&quot;:&quot;&quot;,&quot;caption&quot;:&quot;&quot;,&quot;created_timestamp&quot;:&quot;0&quot;,&quot;copyright&quot;:&quot;&quot;,&quot;focal_length&quot;:&quot;0&quot;,&quot;iso&quot;:&quot;0&quot;,&quot;shutter_speed&quot;:&quot;0&quot;,&quot;title&quot;:&quot;&quot;,&quot;orientation&quot;:&quot;0&quot;}\" data-image-title=\"juerg-web-sw\" data-image-description=\"&lt;p&gt;J\u00fcrg Rufer&lt;\/p&gt;\n\" data-image-caption=\"&lt;p&gt;Juerg Rufer&lt;\/p&gt;\n\" data-medium-file=\"https:\/\/i0.wp.com\/www.juergrufer.ch\/jr\/wp-content\/uploads\/2017\/11\/juerg-web-sw.png?fit=300%2C300&amp;ssl=1\" data-large-file=\"https:\/\/i0.wp.com\/www.juergrufer.ch\/jr\/wp-content\/uploads\/2017\/11\/juerg-web-sw.png?fit=1024%2C1024&amp;ssl=1\" class=\"alignleft wp-image-250\" src=\"https:\/\/i0.wp.com\/www.juergrufer.ch\/jr\/wp-content\/uploads\/2017\/11\/juerg-web-sw.png?resize=260%2C260&#038;ssl=1\" alt=\"Juerg Rufer\" width=\"260\" height=\"260\" srcset=\"https:\/\/i0.wp.com\/www.juergrufer.ch\/jr\/wp-content\/uploads\/2017\/11\/juerg-web-sw.png?resize=300%2C300&amp;ssl=1 300w, https:\/\/i0.wp.com\/www.juergrufer.ch\/jr\/wp-content\/uploads\/2017\/11\/juerg-web-sw.png?resize=150%2C150&amp;ssl=1 150w, https:\/\/i0.wp.com\/www.juergrufer.ch\/jr\/wp-content\/uploads\/2017\/11\/juerg-web-sw.png?resize=768%2C768&amp;ssl=1 768w, https:\/\/i0.wp.com\/www.juergrufer.ch\/jr\/wp-content\/uploads\/2017\/11\/juerg-web-sw.png?resize=1024%2C1024&amp;ssl=1 1024w, https:\/\/i0.wp.com\/www.juergrufer.ch\/jr\/wp-content\/uploads\/2017\/11\/juerg-web-sw.png?resize=1140%2C1140&amp;ssl=1 1140w, https:\/\/i0.wp.com\/www.juergrufer.ch\/jr\/wp-content\/uploads\/2017\/11\/juerg-web-sw.png?resize=400%2C400&amp;ssl=1 400w, https:\/\/i0.wp.com\/www.juergrufer.ch\/jr\/wp-content\/uploads\/2017\/11\/juerg-web-sw.png?resize=50%2C50&amp;ssl=1 50w, https:\/\/i0.wp.com\/www.juergrufer.ch\/jr\/wp-content\/uploads\/2017\/11\/juerg-web-sw.png?w=1181&amp;ssl=1 1181w\" sizes=\"auto, (max-width: 260px) 100vw, 260px\" \/>Ich arbeitete \u00fcber 10 Jahre lang als selbstst\u00e4ndiger Grafiker und konnte in dieser Zeit \u2013 zusammen mit Firmengr\u00fcnder Andy Rihs und Berater Werner Suter \u2013 die gesamte weltweite Werbung der Phonak AG f\u00fcr den Fachhandel und die Konsumenten gestalten.<\/p>\n<p>Dann war ich 15 Jahre als Creative Director und Mitglied der Gesch\u00e4ftsleitung bei Suter Global Communication AG \u2013 einer Kommunikationsagentur mit \u00fcber 30 Mitarbeitenden \u2013 t\u00e4tig.<\/p>\n<p>Seit bald 20 Jahren produziere ich als Autodidakt Videos. Meine grafische Kompetenz, Erfahrung in Corporate Design und kreativen Konzeptl\u00f6sungen sind dabei eine ideale Grundlage.<\/p>\n<\/div>\n<\/div>\n<\/div>\n","protected":false},"excerpt":{"rendered":"<p>J\u00fcrg Rufer Ich arbeitete \u00fcber 10 Jahre lang als selbstst\u00e4ndiger Grafiker und konnte in dieser Zeit \u2013 zusammen mit Firmengr\u00fcnder Andy Rihs und Berater Werner Suter \u2013 die gesamte weltweite Werbung der Phonak AG f\u00fcr den Fachhandel und die Konsumenten gestalten. Dann war ich 15 Jahre als Creative Director und Mitglied der Gesch\u00e4ftsleitung bei Suter [&hellip;]<\/p>\n","protected":false},"author":1,"featured_media":250,"parent":0,"menu_order":0,"comment_status":"closed","ping_status":"closed","template":"template-parts\/template-full-width.php","meta":{"jetpack_post_was_ever_published":false,"footnotes":""},"tags":[],"class_list":["post-186","page","type-page","status-publish","has-post-thumbnail","hentry"],"jetpack_sharing_enabled":false,"jetpack_shortlink":"https:\/\/wp.me\/P92g7I-30","_links":{"self":[{"href":"https:\/\/www.juergrufer.ch\/jr\/wp-json\/wp\/v2\/pages\/186","targetHints":{"allow":["GET"]}}],"collection":[{"href":"https:\/\/www.juergrufer.ch\/jr\/wp-json\/wp\/v2\/pages"}],"about":[{"href":"https:\/\/www.juergrufer.ch\/jr\/wp-json\/wp\/v2\/types\/page"}],"author":[{"embeddable":true,"href":"https:\/\/www.juergrufer.ch\/jr\/wp-json\/wp\/v2\/users\/1"}],"replies":[{"embeddable":true,"href":"https:\/\/www.juergrufer.ch\/jr\/wp-json\/wp\/v2\/comments?post=186"}],"version-history":[{"count":16,"href":"https:\/\/www.juergrufer.ch\/jr\/wp-json\/wp\/v2\/pages\/186\/revisions"}],"predecessor-version":[{"id":259,"href":"https:\/\/www.juergrufer.ch\/jr\/wp-json\/wp\/v2\/pages\/186\/revisions\/259"}],"wp:featuredmedia":[{"embeddable":true,"href":"https:\/\/www.juergrufer.ch\/jr\/wp-json\/wp\/v2\/media\/250"}],"wp:attachment":[{"href":"https:\/\/www.juergrufer.ch\/jr\/wp-json\/wp\/v2\/media?parent=186"}],"wp:term":[{"taxonomy":"post_tag","embeddable":true,"href":"https:\/\/www.juergrufer.ch\/jr\/wp-json\/wp\/v2\/tags?post=186"}],"curies":[{"name":"wp","href":"https:\/\/api.w.org\/{rel}","templated":true}]}}

Über mich

<div class="page" title="Page 1">
<div class="layoutArea">
<div class="column">
<h2>Jürg Rufer</h2>
<p><img data-recalc-dims="1" loading="lazy" decoding="async" data-attachment-id="250" data-permalink="https://www.juergrufer.ch/jr/ueber-mich/juerg-web-sw/" data-orig-file="https://i0.wp.com/www.juergrufer.ch/jr/wp-content/uploads/2017/11/juerg-web-sw.png?fit=1181%2C1181&amp;ssl=1" data-orig-size="1181,1181" data-comments-opened="0" data-image-meta="{&quot;aperture&quot;:&quot;0&quot;,&quot;credit&quot;:&quot;&quot;,&quot;camera&quot;:&quot;&quot;,&quot;caption&quot;:&quot;&quot;,&quot;created_timestamp&quot;:&quot;0&quot;,&quot;copyright&quot;:&quot;&quot;,&quot;focal_length&quot;:&quot;0&quot;,&quot;iso&quot;:&quot;0&quot;,&quot;shutter_speed&quot;:&quot;0&quot;,&quot;title&quot;:&quot;&quot;,&quot;orientation&quot;:&quot;0&quot;}" data-image-title="juerg-web-sw" data-image-description="&lt;p&gt;Jürg Rufer&lt;/p&gt;
" data-image-caption="&lt;p&gt;Juerg Rufer&lt;/p&gt;
" data-medium-file="https://i0.wp.com/www.juergrufer.ch/jr/wp-content/uploads/2017/11/juerg-web-sw.png?fit=300%2C300&amp;ssl=1" data-large-file="https://i0.wp.com/www.juergrufer.ch/jr/wp-content/uploads/2017/11/juerg-web-sw.png?fit=1024%2C1024&amp;ssl=1" class="alignleft wp-image-250" src="https://i0.wp.com/www.juergrufer.ch/jr/wp-content/uploads/2017/11/juerg-web-sw.png?resize=260%2C260&#038;ssl=1" alt="Juerg Rufer" width="260" height="260" srcset="https://i0.wp.com/www.juergrufer.ch/jr/wp-content/uploads/2017/11/juerg-web-sw.png?resize=300%2C300&amp;ssl=1 300w, https://i0.wp.com/www.juergrufer.ch/jr/wp-content/uploads/2017/11/juerg-web-sw.png?resize=150%2C150&amp;ssl=1 150w, https://i0.wp.com/www.juergrufer.ch/jr/wp-content/uploads/2017/11/juerg-web-sw.png?resize=768%2C768&amp;ssl=1 768w, https://i0.wp.com/www.juergrufer.ch/jr/wp-content/uploads/2017/11/juerg-web-sw.png?resize=1024%2C1024&amp;ssl=1 1024w, https://i0.wp.com/www.juergrufer.ch/jr/wp-content/uploads/2017/11/juerg-web-sw.png?resize=1140%2C1140&amp;ssl=1 1140w, https://i0.wp.com/www.juergrufer.ch/jr/wp-content/uploads/2017/11/juerg-web-sw.png?resize=400%2C400&amp;ssl=1 400w, https://i0.wp.com/www.juergrufer.ch/jr/wp-content/uploads/2017/11/juerg-web-sw.png?resize=50%2C50&amp;ssl=1 50w, https://i0.wp.com/www.juergrufer.ch/jr/wp-content/uploads/2017/11/juerg-web-sw.png?w=1181&amp;ssl=1 1181w" sizes="auto, (max-width: 260px) 100vw, 260px" />Ich arbeitete über 10 Jahre lang als selbstständiger Grafiker und konnte in dieser Zeit – zusammen mit Firmengründer Andy Rihs und Berater Werner Suter – die gesamte weltweite Werbung der Phonak AG für den Fachhandel und die Konsumenten gestalten.</p>
<p>Dann war ich 15 Jahre als Creative Director und Mitglied der Geschäftsleitung bei Suter Global Communication AG – einer Kommunikationsagentur mit über 30 Mitarbeitenden – tätig.</p>
<p>Seit bald 20 Jahren produziere ich als Autodidakt Videos. Meine grafische Kompetenz, Erfahrung in Corporate Design und kreativen Konzeptlösungen sind dabei eine ideale Grundlage.</p>
</div>
</div>
</div>

<p>Jürg Rufer Ich arbeitete über 10 Jahre lang als selbstständiger Grafiker und konnte in dieser Zeit – zusammen mit Firmengründer Andy Rihs und Berater Werner Suter – die gesamte weltweite Werbung der Phonak AG für den Fachhandel und die Konsumenten gestalten. Dann war ich 15 Jahre als Creative Director und Mitglied der Geschäftsleitung bei Suter [&hellip;]</p>
