{"id":50,"date":"2017-11-27T11:22:13","date_gmt":"2017-11-27T11:22:13","guid":{"rendered":"http:\/\/www.juergrufer.ch\/rdf\/?post_type=jetpack-portfolio&#038;p=50"},"modified":"2017-11-27T14:29:58","modified_gmt":"2017-11-27T14:29:58","slug":"hochschule-luzern-musik","status":"publish","type":"jetpack-portfolio","link":"https:\/\/www.juergrufer.ch\/rdf\/portfolio\/hochschule-luzern-musik\/","title":{"rendered":"Hochschule Luzern \u2013 Musik"},"content":{"rendered":"<h2>Internationales Hochschulmeeting am Musikfestival Alpent\u00f6ne<\/h2>\n<p><strong>Projekt Limerick-Helsinki-Luzern: Folk!<\/strong><br \/>\nIrish World Academy of Music and Dance, Limerick (IRL) \u2013 Sibelius Akatemia, Helsinki (FI) \u2013 Hochschule Luzern \u2013 Musik.<br \/>\nKamera: J\u00fcrg, Marianne und Peter Rufer. Ton: SRF. Schnitt und Produktion: J\u00fcrg Rufer. 2015.<\/p>\n<p><strong>Ein Klick auf eines der beiden Logos f\u00fchrt direkt in den entsprechenden Bereich mit allen Videobeispielen.<\/strong><\/p>\n<div class=\"jetpack-video-wrapper\"><iframe loading=\"lazy\" title=\"HSLU am Musikfestival Alpento\u0308ne 2015\" width=\"1140\" height=\"641\" src=\"https:\/\/www.youtube.com\/embed\/LjXZ2ybhYG8?feature=oembed\" frameborder=\"0\" allow=\"accelerometer; autoplay; clipboard-write; encrypted-media; gyroscope; picture-in-picture; web-share\" referrerpolicy=\"strict-origin-when-cross-origin\" allowfullscreen><\/iframe><\/div>\n","protected":false},"excerpt":{"rendered":"<p>Internationales Hochschulmeeting am Musikfestival Alpent\u00f6ne Projekt Limerick-Helsinki-Luzern: Folk! Irish World Academy of Music and Dance, Limerick (IRL) \u2013 Sibelius Akatemia, Helsinki (FI) \u2013 Hochschule Luzern \u2013 Musik. Kamera: J\u00fcrg, Marianne und Peter Rufer. Ton: SRF. Schnitt und Produktion: J\u00fcrg Rufer. 2015. Ein Klick auf eines der beiden Logos f\u00fchrt direkt in den entsprechenden Bereich mit [&hellip;]<\/p>\n","protected":false},"author":1,"featured_media":51,"comment_status":"closed","ping_status":"closed","template":"","format":"standard","meta":{"jetpack_post_was_ever_published":false,"footnotes":"","jetpack_publicize_message":"","jetpack_publicize_feature_enabled":true,"jetpack_social_post_already_shared":true,"jetpack_social_options":{"image_generator_settings":{"template":"highway","enabled":false},"version":2}},"jetpack-portfolio-type":[13,7],"jetpack-portfolio-tag":[],"class_list":["post-50","jetpack-portfolio","type-jetpack-portfolio","status-publish","format-standard","has-post-thumbnail","hentry","jetpack-portfolio-type-hochschule-luzern-musik","jetpack-portfolio-type-top"],"jetpack_publicize_connections":[],"jetpack_sharing_enabled":true,"jetpack_likes_enabled":true,"jetpack-related-posts":[],"_links":{"self":[{"href":"https:\/\/www.juergrufer.ch\/rdf\/wp-json\/wp\/v2\/jetpack-portfolio\/50","targetHints":{"allow":["GET"]}}],"collection":[{"href":"https:\/\/www.juergrufer.ch\/rdf\/wp-json\/wp\/v2\/jetpack-portfolio"}],"about":[{"href":"https:\/\/www.juergrufer.ch\/rdf\/wp-json\/wp\/v2\/types\/jetpack-portfolio"}],"author":[{"embeddable":true,"href":"https:\/\/www.juergrufer.ch\/rdf\/wp-json\/wp\/v2\/users\/1"}],"replies":[{"embeddable":true,"href":"https:\/\/www.juergrufer.ch\/rdf\/wp-json\/wp\/v2\/comments?post=50"}],"version-history":[{"count":0,"href":"https:\/\/www.juergrufer.ch\/rdf\/wp-json\/wp\/v2\/jetpack-portfolio\/50\/revisions"}],"wp:featuredmedia":[{"embeddable":true,"href":"https:\/\/www.juergrufer.ch\/rdf\/wp-json\/wp\/v2\/media\/51"}],"wp:attachment":[{"href":"https:\/\/www.juergrufer.ch\/rdf\/wp-json\/wp\/v2\/media?parent=50"}],"wp:term":[{"taxonomy":"jetpack-portfolio-type","embeddable":true,"href":"https:\/\/www.juergrufer.ch\/rdf\/wp-json\/wp\/v2\/jetpack-portfolio-type?post=50"},{"taxonomy":"jetpack-portfolio-tag","embeddable":true,"href":"https:\/\/www.juergrufer.ch\/rdf\/wp-json\/wp\/v2\/jetpack-portfolio-tag?post=50"}],"curies":[{"name":"wp","href":"https:\/\/api.w.org\/{rel}","templated":true}]}}

<h2>Internationales Hochschulmeeting am Musikfestival Alpentöne</h2>
<p><strong>Projekt Limerick-Helsinki-Luzern: Folk!</strong><br />
Irish World Academy of Music and Dance, Limerick (IRL) – Sibelius Akatemia, Helsinki (FI) – Hochschule Luzern – Musik.<br />
Kamera: Jürg, Marianne und Peter Rufer. Ton: SRF. Schnitt und Produktion: Jürg Rufer. 2015.</p>
<p><strong>Ein Klick auf eines der beiden Logos führt direkt in den entsprechenden Bereich mit allen Videobeispielen.</strong></p>
<div class="jetpack-video-wrapper"><iframe loading="lazy" title="HSLU am Musikfestival Alpentöne 2015" width="1140" height="641" src="https://www.youtube.com/embed/LjXZ2ybhYG8?feature=oembed" frameborder="0" allow="accelerometer; autoplay; clipboard-write; encrypted-media; gyroscope; picture-in-picture; web-share" referrerpolicy="strict-origin-when-cross-origin" allowfullscreen></iframe></div>

<p>Internationales Hochschulmeeting am Musikfestival Alpentöne Projekt Limerick-Helsinki-Luzern: Folk! Irish World Academy of Music and Dance, Limerick (IRL) – Sibelius Akatemia, Helsinki (FI) – Hochschule Luzern – Musik. Kamera: Jürg, Marianne und Peter Rufer. Ton: SRF. Schnitt und Produktion: Jürg Rufer. 2015. Ein Klick auf eines der beiden Logos führt direkt in den entsprechenden Bereich mit [&hellip;]</p>
