{"id":52,"date":"2017-11-27T11:26:55","date_gmt":"2017-11-27T11:26:55","guid":{"rendered":"http:\/\/www.juergrufer.ch\/rdf\/?post_type=jetpack-portfolio&#038;p=52"},"modified":"2017-11-27T14:31:28","modified_gmt":"2017-11-27T14:31:28","slug":"verona-3000","status":"publish","type":"jetpack-portfolio","link":"https:\/\/www.juergrufer.ch\/rdf\/portfolio\/verona-3000\/","title":{"rendered":"VERONA 3000"},"content":{"rendered":"<h2>VERONA 3000 \u2013 das Schweizerdeutsche Musical.<\/h2>\n<p>Im Fr\u00fchjahr 2012 startete das Projekt mit dem \u201eKick-off\u201c f\u00fcr das \u00fcber 200 Anmeldungen aus der ganzen Deutschschweiz bei den Initianten eingingen. Seitdem verging keine Woche, in der nicht an VERONA 3000 gearbeitet wurde. Vom ersten Brainstorming, \u00fcber Schauspieltraining, Sitzungen, Stimmbildung, Songwriting, Probelager, Werbekampagne, B\u00fchnenbau bis hin zur Urauff\u00fchrung am 9. Mai 2014 und den 18 weiteren Auff\u00fchrungen bis zur Derni\u00e8re am 7. Juni 2014. Daniel Korber &amp; Joseph Sieber (Initianten &amp; k\u00fcnstlerische Co-Leiter). Kamera: J\u00fcrg und Marianne Rufer. Schnitt: J\u00fcrg Rufer. 2014.<\/p>\n<p><strong>Ein Klick auf eines der beiden Logos f\u00fchrt direkt in den entsprechenden Bereich mit allen Videobeispielen.<\/strong><\/p>\n<div class=\"jetpack-video-wrapper\"><iframe loading=\"lazy\" title=\"Verona 3000 Trailer\" width=\"1140\" height=\"641\" src=\"https:\/\/www.youtube.com\/embed\/3pS_I7BBuCA?feature=oembed\" frameborder=\"0\" allow=\"accelerometer; autoplay; clipboard-write; encrypted-media; gyroscope; picture-in-picture; web-share\" referrerpolicy=\"strict-origin-when-cross-origin\" allowfullscreen><\/iframe><\/div>\n","protected":false},"excerpt":{"rendered":"<p>VERONA 3000 \u2013 das Schweizerdeutsche Musical. Im Fr\u00fchjahr 2012 startete das Projekt mit dem \u201eKick-off\u201c f\u00fcr das \u00fcber 200 Anmeldungen aus der ganzen Deutschschweiz bei den Initianten eingingen. Seitdem verging keine Woche, in der nicht an VERONA 3000 gearbeitet wurde. Vom ersten Brainstorming, \u00fcber Schauspieltraining, Sitzungen, Stimmbildung, Songwriting, Probelager, Werbekampagne, B\u00fchnenbau bis hin zur Urauff\u00fchrung [&hellip;]<\/p>\n","protected":false},"author":1,"featured_media":43,"comment_status":"closed","ping_status":"closed","template":"","format":"standard","meta":{"jetpack_post_was_ever_published":false,"footnotes":"","jetpack_publicize_message":"","jetpack_publicize_feature_enabled":true,"jetpack_social_post_already_shared":true,"jetpack_social_options":{"image_generator_settings":{"template":"highway","enabled":false},"version":2}},"jetpack-portfolio-type":[7,14],"jetpack-portfolio-tag":[],"class_list":["post-52","jetpack-portfolio","type-jetpack-portfolio","status-publish","format-standard","has-post-thumbnail","hentry","jetpack-portfolio-type-top","jetpack-portfolio-type-verona-3000"],"jetpack_publicize_connections":[],"jetpack_sharing_enabled":true,"jetpack_likes_enabled":true,"jetpack-related-posts":[],"_links":{"self":[{"href":"https:\/\/www.juergrufer.ch\/rdf\/wp-json\/wp\/v2\/jetpack-portfolio\/52","targetHints":{"allow":["GET"]}}],"collection":[{"href":"https:\/\/www.juergrufer.ch\/rdf\/wp-json\/wp\/v2\/jetpack-portfolio"}],"about":[{"href":"https:\/\/www.juergrufer.ch\/rdf\/wp-json\/wp\/v2\/types\/jetpack-portfolio"}],"author":[{"embeddable":true,"href":"https:\/\/www.juergrufer.ch\/rdf\/wp-json\/wp\/v2\/users\/1"}],"replies":[{"embeddable":true,"href":"https:\/\/www.juergrufer.ch\/rdf\/wp-json\/wp\/v2\/comments?post=52"}],"version-history":[{"count":0,"href":"https:\/\/www.juergrufer.ch\/rdf\/wp-json\/wp\/v2\/jetpack-portfolio\/52\/revisions"}],"wp:featuredmedia":[{"embeddable":true,"href":"https:\/\/www.juergrufer.ch\/rdf\/wp-json\/wp\/v2\/media\/43"}],"wp:attachment":[{"href":"https:\/\/www.juergrufer.ch\/rdf\/wp-json\/wp\/v2\/media?parent=52"}],"wp:term":[{"taxonomy":"jetpack-portfolio-type","embeddable":true,"href":"https:\/\/www.juergrufer.ch\/rdf\/wp-json\/wp\/v2\/jetpack-portfolio-type?post=52"},{"taxonomy":"jetpack-portfolio-tag","embeddable":true,"href":"https:\/\/www.juergrufer.ch\/rdf\/wp-json\/wp\/v2\/jetpack-portfolio-tag?post=52"}],"curies":[{"name":"wp","href":"https:\/\/api.w.org\/{rel}","templated":true}]}}

<h2>VERONA 3000 – das Schweizerdeutsche Musical.</h2>
<p>Im Frühjahr 2012 startete das Projekt mit dem „Kick-off“ für das über 200 Anmeldungen aus der ganzen Deutschschweiz bei den Initianten eingingen. Seitdem verging keine Woche, in der nicht an VERONA 3000 gearbeitet wurde. Vom ersten Brainstorming, über Schauspieltraining, Sitzungen, Stimmbildung, Songwriting, Probelager, Werbekampagne, Bühnenbau bis hin zur Uraufführung am 9. Mai 2014 und den 18 weiteren Aufführungen bis zur Dernière am 7. Juni 2014. Daniel Korber &amp; Joseph Sieber (Initianten &amp; künstlerische Co-Leiter). Kamera: Jürg und Marianne Rufer. Schnitt: Jürg Rufer. 2014.</p>
<p><strong>Ein Klick auf eines der beiden Logos führt direkt in den entsprechenden Bereich mit allen Videobeispielen.</strong></p>
<div class="jetpack-video-wrapper"><iframe loading="lazy" title="Verona 3000 Trailer" width="1140" height="641" src="https://www.youtube.com/embed/3pS_I7BBuCA?feature=oembed" frameborder="0" allow="accelerometer; autoplay; clipboard-write; encrypted-media; gyroscope; picture-in-picture; web-share" referrerpolicy="strict-origin-when-cross-origin" allowfullscreen></iframe></div>

<p>VERONA 3000 – das Schweizerdeutsche Musical. Im Frühjahr 2012 startete das Projekt mit dem „Kick-off“ für das über 200 Anmeldungen aus der ganzen Deutschschweiz bei den Initianten eingingen. Seitdem verging keine Woche, in der nicht an VERONA 3000 gearbeitet wurde. Vom ersten Brainstorming, über Schauspieltraining, Sitzungen, Stimmbildung, Songwriting, Probelager, Werbekampagne, Bühnenbau bis hin zur Uraufführung [&hellip;]</p>
